t h(k) = k**3 + 6*k**2. Let c be h(-6). Let u = f - c. What is the units digit of u?
1
Suppose 3*s - o - 4 = -3, -3*s = 5*o - 13. Let i be (-5 - -4) + 39 + s. What is the tens digit of ((-4)/(-12))/(1/i)?
1
Let s = -4 + 5. Let c be (-3)/6*-2 - s. Suppose c*q + 2*q = 4. What is the units digit of q?
2
Suppose -2*s = -2 - 4. Suppose 3*y - 9 = -3*v, 0 = -s*v - v + 5*y - 6. Suppose i + 0 = v. What is the units digit of i?
1
Suppose -5*v + 2*r = -127, 3*v = v - 5*r + 74. What is the tens digit of v?
2
Let f(i) = -i**2 - i**2 + i**2 + 4. Let j be f(-4). What is the units digit of j*1*(-5)/15?
4
Let v(p) = p**2 - 4*p + 4. Let l(z) = 2*z - 2. Let b(d) = 9*l(d) + 4*v(d). What is the units digit of b(-2)?
0
Let p(r) = -r**2 + 10*r + 11. Suppose -o = -2*o + 9. What is the tens digit of p(o)?
2
Let g = 0 - -4. Let j(o) = o**2 - o - 4. What is the units digit of j(g)?
8
Let t(l) be the second derivative of l**4/12 - 7*l**3/6 + 3*l**2 - 3*l. What is the units digit of t(8)?
4
Suppose -8*t + 3*t = -125. Suppose t = d + 4*d. Suppose -c = -d*c + 24. What is the units digit of c?
6
Suppose 12*z - 1515 = 7*z. What is the units digit of z?
3
Suppose 56 - 1008 = -7*c. What is the tens digit of c?
3
Let x = 13 - 35. Let h be x/(-10) - (-4)/(-20). Suppose -q - h = -13. What is the tens digit of q?
1
What is the units digit of (-476)/(-6)*-5*12/(-40)?
9
Let k = -303 - -472. What is the tens digit of k?
6
Suppose -f - 19 = -5*l - 59, 4*f = 3*l + 41. Let t be l/(-2) - (-4)/8. Suppose 5*d - 18 + 3 = -5*q, t*q = 3*d - 16. What is the units digit of d?
4
Let n be (0 + 0 + 0)/(-2). Suppose -2*v - 2*h = -24, n = 2*v + 3*v - 5*h - 90. What is the units digit of v?
5
Suppose 2*x - 6 = -2. Suppose -x*j + 56 = -0*j. What is the units digit of j?
8
Suppose 3*s + h + 5 = 22, 4*s - 4*h - 44 = 0. Suppose 6*o + 1 = s*o. What is the units digit of o?
1
Let x be 1 + (2/(-1) - -5). Suppose 0 = n + u, u - 3 + 9 = -x*n. Let l(i) = -i**3 + 2*i + 3. What is the units digit of l(n)?
7
Let j(w) = -2*w**3 - 3*w**2 + w + 2. Let u be j(-2). Let q = -67 - -52. What is the tens digit of -1 - q - (u + -2)?
1
Let d = -6 - -8. Suppose 5*r - 2*r + 5*o = 47, 5*r - 53 = -d*o. What is the units digit of r?
9
Suppose -3*p = -4*u - 596, -5*u = 3*p - 0*u - 605. What is the units digit of p?
0
Suppose -5*y - 6112 - 293 = 0. What is the units digit of (-6)/(-33) - y/33?
9
What is the units digit of 9 - (2/(-7) - 15/21)?
0
Let l be 1/2*(-20)/(-2). What is the units digit of (-10)/(-4)*(l - 1)?
0
Let s(v) = 4*v**2 - 4*v + 6. What is the units digit of s(4)?
4
Let j be -6*(12/(-8) + 1). Let o = 14 - j. What is the units digit of o?
1
Let z(k) = -k**2 - 2*k - 3*k + 12*k**2 + 4*k. What is the tens digit of z(-1)?
1
Let y be 4/(-6) + 126/27. Let a = 6 - y. What is the units digit of a?
2
Let z(i) = i. Let y(s) = 2*s**2 + s + 2. Let o(d) = y(d) - 6*z(d). Suppose 21 = 3*q + 4*u, -q + 1 = 3*u - 11. What is the units digit of o(q)?
5
What is the hundreds digit of -1*(0 - 1)*(-1716)/(-11)?
1
Let o be 2 - (1 - 0 - 2). Suppose -1 + o = 2*s, -4*m + 9 = s. Suppose 0 = 3*p - 3*i - 27, -m*p - 3*i + 23 = -6*i. What is the units digit of p?
4
Let y = 3 - -1. Let t = 18 + y. What is the units digit of t?
2
Let y = -6 + 9. Suppose -16 = -4*p, -y*p - 10 = -5*z + 3*z. What is the units digit of z?
1
Let q be 72/(-20)*(-10)/4. Let l(x) = -x**3 - 7*x**2 - x - 2. Let w be l(-7). Suppose -q = -w*a + 2*a. What is the units digit of a?
3
Let k(o) = o**2 + 7*o + 9. Let i be k(-6). Suppose -6 = i*r, -5*r + 4*r = -5*j + 27. What is the units digit of j?
5
Let n = -2 - -2. Suppose 5*d + 7 = 3*s - 53, s + 3*d - 6 = n. Suppose r + s = 6*r. What is the units digit of r?
3
Let o(j) be the first derivative of j**4/4 - 4*j**3/3 + 3*j**2/2 - 5*j - 8. Let x be 1*(0 - 1) - -5. What is the units digit of o(x)?
7
Let d(p) = -p + 14. Let n be d(0). Let s = -10 + n. Suppose s*z = 3*v, 0*v - 5*z = -v - 11. What is the units digit of v?
4
Let r be 1/3*(89 + -2). Let u = r - 1. What is the tens digit of u?
2
Let n = 73 - 37. What is the units digit of n?
6
Suppose 2*l = -2*l + 48. Let w = l + -7. Suppose 3*z = 0, -2*x + x - 3*z = -w. What is the units digit of x?
5
Let i = 40 - 7. What is the tens digit of i?
3
Suppose -5*b + 208 = 3*t - b, 4*t - 248 = 2*b. Let u = -37 + t. What is the tens digit of u?
2
Suppose o - 183 = 5*f, o - 3*f = 42 + 135. What is the hundreds digit of o?
1
What is the tens digit of (0 + -3)*(4 - (-169)/(-3))?
5
Let b(m) = m**2 - 3*m + 3. Let f be b(2). Let x = -3 + f. What is the units digit of 1*10 + x/2?
9
Let t be ((-50)/15)/((-3)/9). Let v = 21 + t. What is the units digit of v?
1
Let t(z) = -22*z + 1. Let i = -3 - -2. What is the units digit of t(i)?
3
Suppose 576 = 2*x + 6*x. What is the tens digit of x?
7
Suppose 5*l = -4*a + 13, l = -0*a + 3*a - 5. Suppose a*d - 71 = 5*k, -2*d - 29 = -4*k - 95. What is the units digit of d?
3
What is the tens digit of 14/42 - (-1 + 1018/(-6))?
7
Let f be (1/2)/((-4)/(-56)). Let y = f - -7. What is the units digit of y?
4
Let x(r) = r**3 + 8*r**2 - 14*r + 5. What is the hundreds digit of x(-8)?
1
Let v(w) = -w**2 - 9*w + 1. Let p(s) be the third derivative of s**5/60 + s**4/3 - s**3/6 - s**2. Let k(l) = 6*p(l) + 5*v(l). What is the units digit of k(-5)?
9
Let y = -5 - -9. Suppose -5*j = 3*n - 80, j - y*n = -3*j + 64. Suppose 4*u + j = 8*u. What is the units digit of u?
4
Let h(y) = y**3 + y**2 - 4*y + 3. Suppose 2*c = -0*c + 4. What is the units digit of h(c)?
7
Suppose 0 = -2*x - 14 - 94. What is the units digit of x/(-10) + (-6)/15?
5
Let d = 3 + 0. Suppose h - d*w = 0, -2*h - 3*w + 2*w = -28. What is the units digit of h?
2
Let h(n) = 2*n**3 - 5*n**2 + 11*n - 4. What is the tens digit of h(5)?
7
Let b(k) = -3*k + 14. Let m be b(11). Let t = 44 + m. What is the units digit of t?
5
Suppose 1 = d - 1. Let r be ((-4)/(-4))/(1/d). Suppose -f = 5*m, 2*m + 6 - 22 = -r*f. What is the units digit of f?
0
Suppose 5*v = -5*f - 25, -5*f - 17 = -7. Let i = 7 + v. What is the units digit of i?
4
Let t = 9 + -7. Suppose -6*j = -t*j + 3*w - 65, -4*j = -5*w - 73. What is the units digit of j?
7
Let n = 16 - 17. What is the units digit of -12 - -42 - (n - 3)?
4
Let y(w) = w + 8. Let u be y(-6). Suppose -4*v = -3*d + 59, -2*d + 45 = 5*v - u*v. What is the tens digit of d?
2
Let z(p) be the second derivative of -p**3 + p**2/2 + p. Let m(q) = -q**2 + 8*q - 13. Let r be m(6). What is the units digit of z(r)?
7
Let t(g) = -g + 3. Let i = -2 - 0. What is the units digit of t(i)?
5
Let r = -45 - -52. What is the units digit of r?
7
Let m(k) = k**2 - 2*k - 3. Let v be m(3). Suppose v = 3*c - 126 + 33. What is the units digit of c?
1
Let h(s) = -s**3 + 11*s**2 - 11*s - 12. What is the units digit of h(9)?
1
Let r(l) be the second derivative of l**3/3 + 15*l**2/2 - 8*l. What is the tens digit of r(12)?
3
Let b be (-4)/(-6) + (-120)/(-9). Suppose -3*j - b = -z, -z = -2*j - 5*z. Let v = 6 + j. What is the units digit of v?
2
Let l(m) = -m**3 - 13*m**2 + 14*m + 4. Let c be l(-14). Suppose t - 2 = 2*v - v, -2*v + c*t - 10 = 0. What is the units digit of v?
1
What is the tens digit of 4/6*21 + 1?
1
Let i = 72 - -66. What is the tens digit of i?
3
What is the units digit of 13/3 + (-1)/3?
4
Suppose -q - 3*y = -15, q - 15 = -q - 3*y. What is the units digit of 1*(q/(-1) + 4)?
4
Suppose -5*b + 3*b + 40 = 0. What is the tens digit of b?
2
Let o = 0 + 13. Let f = 1 + o. What is the units digit of f?
4
Suppose 6*s + 2 = -4. What is the tens digit of 14 - (s + -2 - 1)?
1
Suppose z + z - 40 = 0. What is the units digit of z?
0
Suppose 2*u - 4*u = -12. Let n = u - -9. What is the units digit of n?
5
Let g(k) = 92*k - 7. What is the units digit of g(4)?
1
Let z(j) = -2 - 6*j - 3*j + 2*j**2 - j**2 - 2*j**2. Let x be z(-8). Suppose 14 = 3*h - 2*v, -2*h + 2*v + x = -h. What is the units digit of h?
4
Let x = 93 - 70. What is the units digit of x?
3
Let a(c) = c**3 - 4*c**2 + 2*c + 1. Let u be a(3). What is the units digit of (u/5)/((-4)/140)?
4
Let l(g) = -3*g + 8*g**2 - g + 5*g. Let r be l(1). Suppose 5*h = r*h - 20. What is the units digit of h?
5
What is the tens digit of 2*6 - 4/(-4)?
1
Let t(z) = -z + 2. Let v be t(0). Suppose 0 = g - 2*g + v. Suppose 4*a + g = 6. What is the units digit of a?
1
Let p(g) = g**2 + 11*g + 14.